d by 63.
61
Calculate the remainder when 138 is divided by 128.
10
Calculate the remainder when 452 is divided by 24.
20
Calculate the remainder when 60 is divided by 6.
0
What is the remainder when 612 is divided by 89?
78
Calculate the remainder when 1049 is divided by 11.
4
Calculate the remainder when 99 is divided by 28.
15
What is the remainder when 787 is divided by 26?
7
Calculate the remainder when 7468 is divided by 129.
115
Calculate the remainder when 263 is divided by 24.
23
What is the remainder when 652 is divided by 65?
2
What is the remainder when 507 is divided by 165?
12
What is the remainder when 1118 is divided by 56?
54
Calculate the remainder when 2831 is divided by 928.
47
Calculate the remainder when 365 is divided by 165.
35
Calculate the remainder when 1822 is divided by 182.
2
What is the remainder when 12001 is divided by 87?
82
Calculate the remainder when 288 is divided by 148.
140
Calculate the remainder when 287 is divided by 98.
91
Calculate the remainder when 278 is divided by 20.
18
Calculate the remainder when 53 is divided by 53.
0
What is the remainder when 381 is divided by 119?
24
What is the remainder when 520 is divided by 134?
118
What is the remainder when 375 is divided by 84?
39
Calculate the remainder when 195 is divided by 72.
51
What is the remainder when 4194 is divided by 60?
54
What is the remainder when 107 is divided by 20?
7
Calculate the remainder when 462 is divided by 93.
90
Calculate the remainder when 1113 is divided by 93.
90
What is the remainder when 68 is divided by 22?
2
Calculate the remainder when 4113 is divided by 64.
17
What is the remainder when 257 is divided by 135?
122
Calculate the remainder when 1608 is divided by 101.
93
What is the remainder when 495 is divided by 16?
15
What is the remainder when 585 is divided by 181?
42
Calculate the remainder when 102 is divided by 28.
18
What is the remainder when 57 is divided by 26?
5
Calculate the remainder when 356 is divided by 60.
56
Calculate the remainder when 350 is divided by 16.
14
Calculate the remainder when 288 is divided by 49.
43
What is the remainder when 1711 is divided by 11?
6
What is the remainder when 1998 is divided by 101?
79
Calculate the remainder when 2279 is divided by 40.
39
Calculate the remainder when 116 is divided by 31.
23
What is the remainder when 77 is divided by 31?
15
Calculate the remainder when 1038 is divided by 57.
12
Calculate the remainder when 199 is divided by 43.
27
What is the remainder when 127 is divided by 22?
17
Calculate the remainder when 50 is divided by 3.
2
Calculate the remainder when 896 is divided by 26.
12
Calculate the remainder when 138 is divided by 68.
2
Calculate the remainder when 32 is divided by 24.
8
What is the remainder when 253 is divided by 65?
58
Calculate the remainder when 89 is divided by 79.
10
Calculate the remainder when 530 is divided by 220.
90
Calculate the remainder when 3049 is divided by 14.
11
Calculate the remainder when 260 is divided by 130.
0
What is the remainder when 2461 is divided by 32?
29
What is the remainder when 751 is divided by 8?
7
Calculate the remainder when 410 is divided by 69.
65
Calculate the remainder when 63 is divided by 45.
18
Calculate the remainder when 1101 is divided by 85.
81
Calculate the remainder when 1205 is divided by 201.
200
Calculate the remainder when 52 is divided by 48.
4
What is the remainder when 257 is divided by 9?
5
Calculate the remainder when 402 is divided by 63.
24
What is the remainder when 51 is divided by 41?
10
Calculate the remainder when 923 is divided by 139.
89
What is the remainder when 317 is divided by 106?
105
What is the remainder when 710 is divided by 14?
10
Calculate the remainder when 609 is divided by 244.
121
Calculate the remainder when 115 is divided by 33.
16
Calculate the remainder when 47 is divided by 8.
7
Calculate the remainder when 52 is divided by 41.
11
Calculate the remainder when 2093 is divided by 43.
29
Calculate the remainder when 934 is divided by 72.
70
What is the remainder when 101 is divided by 13?
10
What is the remainder when 36 is divided by 13?
10
Calculate the remainder when 370 is divided by 365.
5
What is the remainder when 59 is divided by 3?
2
Calculate the remainder when 13117 is divided by 20.
17
What is the remainder when 25 is divided by 23?
2
What is the remainder when 270 is divided by 12?
6
Calculate the remainder when 848 is divided by 166.
18
What is the remainder when 61 is divided by 23?
15
Calculate the remainder when 40 is divided by 21.
19
What is the remainder when 90 is divided by 32?
26
What is the remainder when 501 is divided by 249?
3
Calculate the remainder when 167 is divided by 21.
20
What is the remainder when 10144 is divided by 19?
17
What is the remainder when 190 is divided by 39?
34
What is the remainder when 687 is divided by 267?
153
Calculate the remainder when 241 is divided by 61.
58
What is the remainder when 45 is divided by 10?
5
What is the remainder when 358 is divided by 2?
0
What is the remainder when 1079 is divided by 162?
107
Calculate the remainder when 1003 is divided by 68.
51
Calculate the remainder when 143 is divided by 5.
3
What is the remainder when 2984 is divided by 35?
9
What is the remainder when 572 is divided by 117?
104
What is the remainder when 1520 is divided by 154?
134
What is the remainder when 250 is divided by 14?
12
What is the remainder when 440 is divided by 101?
36
What is the remainder when 942 is divided by 56?
46
What is the remainder when 607 is divided by 12?
7
What is the remainder when 795 is divided by 86?
21
Calculate the remainder when 408 is divided by 118.
54
What is the remainder when 4731 is divided by 52?
51
What is the remainder when 138 is divided by 123?
15
What is the remainder when 394 is divided by 231?
163
Calculate the remainder when 63 is divided by 44.
19
What is the remainder when 363 is divided by 49?
20
What is the remainder when 44 is divided by 23?
21
Calculate the remainder when 214 is divided by 24.
22
Calculate the remainder when 486 is divided by 39.
18
What is the remainder when 741 is divided by 186?
183
Calculate the remainder when 243 is divided by 27.
0
Calculate the remainder when 142 is divided by 73.
69
What is the remainder when 127 is divided by 26?
23
Calculate the remainder when 1674 is divided by 13.
10
Calculate the remainder when 69 is divided by 5.
4
What is the remainder when 2512 is divided by 281?
264
What is the remainder when 240 is divided by 35?
30
What is the remainder when 170 is divided by 35?
30
What is the remainder when 2519 is divided by 4?
3
Calculate the remainder when 131 is divided by 127.
4
Calculate the remainder when 28 is divided by 25.
3
What is the remainder when 146 is divided by 25?
21
What is the remainder when 582 is divided by 25?
7
What is the remainder when 14109 is divided by 98?
95
Calculate the remainder when 764 is divided by 89.
52
What is the remainder when 7046 is divided by 94?
90
Calculate the remainder when 28 is divided by 8.
4
What is the remainder when 733 is divided by 82?
77
Calculate the remainder when 390 is divided by 93.
18
What is the remainder when 151 is divided by 26?
21
Calculate the remainder when 251 is divided by 15.
11
What is the remainder when 2417 is divided by 788?
53
What is the remainder when 89 is divided by 25?
14
Calculate the remainder when 2527 is divided by 23.
20
Calculate the remainder when 298 is divided by 5.
3
Calculate the remainder when 212 is divided by 18.
14
What is the remainder when 7917 is divided by 110?
107
What is the remainder when 2740 is divided by 41?
34
What is the remainder when 416 is divided by 60?
56
Calculate the remainder when 2841 is divided by 49.
48
What is the remainder when 254 is divided by 50?
4
Calculate the remainder when 26432 is divided by 99.
98
Calculate the remainder when 750 is divided by 82.
12
Calculate the remainder when 419 is divided by 105.
104
Calculate the remainder when 1068 is divided by 17.
14
What is the remainder when 735 is divided by 350?
35
What is the remainder when 4372 is divided by 18?
16
Calculate the remainder when 1030 is divided by 11.
7
Calculate the remainder when 160 is divided by 